
5, 521
What are the prime factors of 539?
7, 11
List the prime factors of 9574.
2, 4787
List the prime factors of 13939.
53, 263
What are the prime factors of 1275?
3, 5, 17
What are the prime factors of 3262?
2, 7, 233
List the prime factors of 88.
2, 11
List the prime factors of 1854.
2, 3, 103
List the prime factors of 2106.
2, 3, 13
List the prime factors of 15453.
3, 17, 101
What are the prime factors of 32248?
2, 29, 139
What are the prime factors of 18652?
2, 4663
What are the prime factors of 2168?
2, 271
What are the prime factors of 4721?
4721
What are the prime factors of 15649?
15649
List the prime factors of 1629.
3, 181
What are the prime factors of 10745?
5, 7, 307
What are the prime factors of 1957?
19, 103
List the prime factors of 1879.
1879
What are the prime factors of 9852?
2, 3, 821
What are the prime factors of 11300?
2, 5, 113
What are the prime factors of 4490?
2, 5, 449
What are the prime factors of 2278?
2, 17, 67
What are the prime factors of 3340?
2, 5, 167
What are the prime factors of 23799?
3, 7933
What are the prime factors of 27435?
3, 5, 31, 59
List the prime factors of 49073.
31, 1583
List the prime factors of 10468.
2, 2617
What are the prime factors of 5276?
2, 1319
What are the prime factors of 8507?
47, 181
List the prime factors of 21110.
2, 5, 2111
List the prime factors of 51156.
2, 3, 7, 29
List the prime factors of 25876.
2, 6469
List the prime factors of 28986.
2, 3, 4831
List the prime factors of 157.
157
List the prime factors of 31949.
43, 743
What are the prime factors of 16765?
5, 7, 479
What are the prime factors of 3368?
2, 421
List the prime factors of 67449.
3, 22483
List the prime factors of 3954.
2, 3, 659
List the prime factors of 23261.
7, 3323
List the prime factors of 122096.
2, 13, 587
List the prime factors of 58404.
2, 3, 31, 157
What are the prime factors of 93120?
2, 3, 5, 97
List the prime factors of 880.
2, 5, 11
What are the prime factors of 16340?
2, 5, 19, 43
List the prime factors of 45444.
2, 3, 7, 541
List the prime factors of 30276.
2, 3, 29
List the prime factors of 105151.
71, 1481
What are the prime factors of 1111?
11, 101
List the prime factors of 23882.
2, 11941
What are the prime factors of 2403?
3, 89
What are the prime factors of 15531?
3, 31, 167
What are the prime factors of 778?
2, 389
What are the prime factors of 767?
13, 59
List the prime factors of 4484.
2, 19, 59
List the prime factors of 6384.
2, 3, 7, 19
What are the prime factors of 1446?
2, 3, 241
List the prime factors of 45727.
11, 4157
List the prime factors of 104738.
2, 52369
What are the prime factors of 19285?
5, 7, 19, 29
What are the prime factors of 709?
709
List the prime factors of 20775.
3, 5, 277
List the prime factors of 4435.
5, 887
What are the prime factors of 2274?
2, 3, 379
What are the prime factors of 990?
2, 3, 5, 11
List the prime factors of 46347.
3, 7, 2207
List the prime factors of 1002.
2, 3, 167
List the prime factors of 299.
13, 23
What are the prime factors of 63384?
2, 3, 19, 139
List the prime factors of 290.
2, 5, 29
What are the prime factors of 1565?
5, 313
List the prime factors of 1055.
5, 211
What are the prime factors of 29462?
2, 14731
List the prime factors of 2910.
2, 3, 5, 97
What are the prime factors of 55?
5, 11
What are the prime factors of 2826?
2, 3, 157
What are the prime factors of 2392?
2, 13, 23
List the prime factors of 7303.
67, 109
List the prime factors of 970.
2, 5, 97
List the prime factors of 592.
2, 37
What are the prime factors of 3125?
5
What are the prime factors of 11023?
73, 151
List the prime factors of 1518.
2, 3, 11, 23
List the prime factors of 1697.
1697
List the prime factors of 29869.
7, 17, 251
List the prime factors of 3532.
2, 883
List the prime factors of 986.
2, 17, 29
What are the prime factors of 122763?
3, 151, 271
What are the prime factors of 5037?
3, 23, 73
List the prime factors of 103881.
3, 31, 1117
What are the prime factors of 1232?
2, 7, 11
List the prime factors of 81865.
5, 7, 2339
What are the prime factors of 2426?
2, 1213
List the prime factors of 7137.
3, 13, 61
List the prime factors of 87502.
2, 67, 653
List the prime factors of 2512.
2, 157
What are the prime factors of 39249?
3, 7, 89
What are the prime factors of 1501?
19, 79
What are the prime factors of 23151?
3, 7717
What are the prime factors of 1243?
11, 113
What are the prime factors of 1384?
2, 173
What are the prime factors of 1013?
1013
List the prime factors of 2200.
2, 5, 11
List the prime factors of 88859.
17, 5227
What are the prime factors of 1905?
3, 5, 127
List the prime factors of 50116.
2, 11, 17, 67
List the prime factors of 2527.
7, 19
What are the prime factors of 4189?
59, 71
What are the prime factors of 173522?
2, 53, 1637
List the prime factors of 5400.
2, 3, 5
What are the prime factors of 1311?
3, 19, 23
List the prime factors of 8493.
3, 19, 149
List the prime factors of 1376.
2, 43
What are the prime factors of 90?
2, 3, 5
What are the prime factors of 95427?
3, 23, 461
What are the prime factors of 18350?
2, 5, 367
What are the prime factors of 84921?
3, 28307
What are the prime factors of 131971?
7, 17, 1109
What are the prime factors of 27661?
139, 199
What are the prime factors of 1803?
3, 601
What are the prime factors of 514?
2, 257
List the prime factors of 363.
3, 11
What are the prime factors of 31460?
2, 5, 11, 13
What are the prime factors of 38418?
2, 3, 19, 337
List the prime factors of 4364.
2, 1091
List the prime factors of 14311.
11, 1301
List the prime factors of 4302.
2, 3, 239
What are the prime factors of 11202?
2, 3, 1867
What are the prime factors of 158578?
2, 7, 47, 241
What are the prime factors of 40424?
2, 31, 163
List the prime factors of 12949.
23, 563
What are the prime factors of 3949?
11, 359
What are the prime factors of 1293?
3, 431
List the prime factors of 1029.
3, 7
What are the prime factors of 4625?
5, 37
List the prime factors of 41182.
2, 59, 349
What are the prime factors of 15093?
3, 13, 43
What are the prime factors of 557?
557
What are the prime factors of 10583?
19, 557
List the prime factors of 4665.
3, 5, 311
List the prime factors of 83082.
2, 3, 61, 227
List the prime factors of 549.
3, 61
What are the prime factors of 10678?
2, 19, 281
What are the prime factors of 2875?
5, 23
List the prime factors of 52068.
2, 3, 4339
List the prime factors of 131495.
5, 7, 13, 17
List the prime factors of 1797.
3, 599
List the prime factors of 666.
2, 3, 37
List the prime factors of 2588.
2, 647
List the prime factors of 18213.
3, 13, 467
What are the prime factors of 393?
3, 131
What are the prime factors of 14050?
2, 5, 281
List the prime factors of 131.
131
What are the prime factors of 1071?
3, 7, 17
List the prime factors of 852.
2, 3, 71
What are the prime factors of 34029?
3, 19, 199
What are the prime factors of 1490?
2, 5, 149
What are the prime factors of 3084?
2, 3, 257
List the prime factors of 15.
3, 5
List the prime factors of 950.
2, 5, 19
What are the prime factors of 839?
839
What are the prime factors of 1039?
1039
What are the prime factors of 72256?
2, 1129
What are the prime factors of 16604?
2, 7, 593
What are the prime factors of 819?
3, 7, 13
What are the prime factors of 1071?
3, 7, 17
What are the prime factors of 781?
11, 71
List the prime factors of 222.
2, 3, 37
List the prime factors of 2289.
3, 7, 109
List the prime factors of 93306.
2, 3, 15551
What are the prime factors of 557?
557
What are the prime factors of 581?
7, 83
List the prime factors of 69030.
2, 3, 5, 13, 59
What are the prime factors of 2932?
2, 733
What are the prime factors of 1626?
2, 3, 271
What are the prime factors of 23831?
23831
List the prime factors of 565.
5, 113
List the prime factors of 1779.
3, 593
List the prime factors of 49465.
5, 13, 761
List the prime factors of 1957.
19, 103
What are the prime factors of 25440?
2, 3, 5, 53
List the prime factors of 82.
2, 41
What are the prime factors of 3173?
19, 167
What are the prime factors of 65803?
23, 2861
List the prime factors of 51219.
3, 7, 271
List the prime factors of 262.
2, 131
List the prime factors of 14373.
3, 1597
List the prime factors of 144249.
3, 7, 6869
List the prime factors of 427.
7, 61
List the prime fa